b9
What is -6279 (base 11) in base 6?
-102254
-715 (base 15) to base 13
-959
-19520 (base 12) to base 7
-212652
What is -2102 (base 6) in base 9?
-572
What is 205 (base 15) in base 12?
31b
Convert 12b74 (base 12) to base 14.
95d6
What is 30550 (base 6) in base 7?
14643
-1366 (base 15) to base 2
-1000000110010
What is -644 (base 7) in base 14?
-194
Convert -15487 (base 10) to base 2.
-11110001111111
-37c (base 14) to base 5
-10243
Convert -371 (base 10) to base 14.
-1c7
Convert -13988 (base 14) to base 2.
-1011110110010100
-55203 (base 8) to base 3
-1011210012
-11313011 (base 4) to base 10
-24005
What is -3a4 (base 12) in base 13?
-33a
1002002012 (base 3) to base 15
6435
-63e9 (base 15) to base 5
-1134034
Convert abc (base 13) to base 2.
11100110101
Convert 5244 (base 16) to base 7.
115254
245511 (base 6) to base 11
15593
What is 315 (base 6) in base 11?
a9
What is 2403 (base 11) in base 3?
11022122
2304 (base 9) to base 10
1705
Convert -367b (base 12) to base 6.
-44235
Convert -494 (base 12) to base 10.
-688
Convert -7aa6 (base 11) to base 12.
-61ab
Convert 775 (base 8) to base 5.
4014
What is 119 (base 14) in base 13?
13b
What is 626 (base 11) in base 10?
754
3541 (base 8) to base 5
30024
Convert b2da (base 14) to base 3.
1120012120
Convert 23202202 (base 4) to base 15.
e011
Convert -211403 (base 5) to base 6.
-52515
-1721 (base 15) to base 9
-6744
-14864 (base 10) to base 4
-3220100
What is -1186 (base 9) in base 13?
-534
Convert 13a3 (base 14) to base 7.
13063
Convert -1a290 (base 12) to base 11.
-26950
-476 (base 8) to base 3
-102210
1010101111101 (base 2) to base 4
1111331
What is -24521 (base 6) in base 14?
-1489
What is 21a5 (base 11) in base 13?
141c
What is 209 (base 12) in base 7?
603
What is 658 (base 9) in base 3?
201222
Convert -3337 (base 10) to base 14.
-1305
What is 33541 (base 6) in base 7?
16552
Convert 72b3 (base 13) to base 10.
15863
Convert -535 (base 12) to base 4.
-23321
What is -1030 (base 8) in base 6?
-2252
Convert -57 (base 15) to base 8.
-122
10201 (base 3) to base 15
6a
What is -44471 (base 10) in base 9?
-67002
-273 (base 15) to base 6
-2330
What is 1313103 (base 5) in base 8?
62654
What is -205 (base 8) in base 2?
-10000101
-25213 (base 6) to base 2
-111010101001
164 (base 10) to base 7
323
1001210 (base 3) to base 11
647
What is 85 (base 11) in base 9?
113
What is -148 (base 12) in base 7?
-404
What is ad (base 16) in base 11?
148
What is 2a60 (base 13) in base 8?
14022
-c1 (base 14) to base 10
-169
Convert -7 (base 14) to base 6.
-11
Convert 10220333 (base 4) to base 13.
8861
What is 11101100001 (base 2) in base 16?
761
2a5 (base 12) to base 11
346
Convert 185 (base 10) to base 12.
135
What is 1502 (base 8) in base 16?
342
Convert 11251 (base 6) to base 10.
1615
-3224 (base 9) to base 8
-4503
Convert -341 (base 15) to base 12.
-514
What is -910d (base 15) in base 5?
-1434423
What is -1334 (base 8) in base 14?
-3a4
Convert 4c8 (base 13) to base 8.
1510
Convert -1448 (base 14) to base 2.
-111000001000
Convert 111100101100010 (base 2) to base 10.
31074
What is -44646 (base 9) in base 10?
-29688
Convert -304 (base 10) to base 2.
-100110000
Convert -278 (base 10) to base 4.
-10112
Convert 1a6d (base 14) to base 4.
1023001
Convert 10022 (base 3) to base 9.
108
-a0b (base 12) to base 14
-759
726 (base 12) to base 16
40e
What is -8be0 (base 16) in base 7?
-206253
What is -1ac (base 14) in base 11?
-297
Convert 12687 (base 9) to base 13.
3ba4
What is 20032 (base 7) in base 10?
4825
-11120002 (base 3) to base 13
-1688
1054 (base 9) to base 15
36d
1a53 (base 16) to base 2
1101001010011
What is 7c79 (base 16) in base 12?
16535
-3b (base 12) to base 10
-47
Convert 51 (base 12) to base 9.
67
What is 3584 (base 10) in base 12?
20a8
Convert 4522 (base 14) to base 8.
27322
111010110111 (base 2) to base 16
eb7
What is -305 (base 14) in base 11?
-49a
What is 112 (base 5) in base 11?
2a
What is 6311 (base 13) in base 14?
4dcb
What is -15d84 (base 15) in base 16?
-11395
Convert -1350253 (base 6) to base 8.
-225431
What is 41421 (base 5) in base 3?
10202100
-13381 (base 14) to base 8
-134365
What is 1665 (base 7) in base 12?
490
What is 211a (base 16) in base 13?
3b1b
-192 (base 11) to base 13
-141
-2481 (base 10) to base 8
-4661
Convert 130201 (base 5) to base 3.
20221002
-724 (base 13) to base 5
-14323
What is 3856 (base 12) in base 16?
1902
-524 (base 13) to base 7
-2360
Convert -5030 (base 10) to base 2.
-1001110100110
Convert -110011110001 (base 2) to base 5.
-101223
-291b (base 15) to base 10
-8801
1100111 (base 2) to base 4
1213
What is -cd5 (base 15) in base 9?
-3872
41c8 (base 14) to base 6
124312
Convert -166 (base 8) to base 12.
-9a
What is -933 (base 10) in base 13?
-56a
What is -46a1 (base 11) in base 13?
-2a5c
287 (base 10) to base 16
11f
What is -14501 (base 9) in base 11?
-7475
2875 (base 9) to base 13
cb3
1103001 (base 4) to base 6
40333
What is 43410 (base 8) in base 6?
220104
What is 1010001101 (base 2) in base 16?
28d
What is a677 (base 11) in base 5?
422440
27844 (base 9) to base 2
100100111100001
What is 59 (base 10) in base 2?
111011
1001001101 (base 2) to base 10
589
Convert -5071 (base 8) to base 6.
-20041
32 (base 14) to base 2
101100
1d75 (base 15) to base 2
1100100001010
Convert -27d7 (base 15) to base 10.
-8527
Convert -662 (base 11) to base 5.
-11134
What is -13d (base 16) in base 4?
-10331
Convert -b5 (base 12) to base 7.
-254
Convert -a4f (base 16) to base 9.
-3552
What is -4ca (base 14) in base 11?
-7a5
20ab (base 12) to base 7
13313
Convert dd1 (base 16) to base 10.
3537
What is 406 (base 10) in base 12?
29a
Convert -10020201 (base 3) to base 12.
-1454
Convert 10010100010011010 (base 2) to base 11.
52058
Convert 131012 (base 7) to base 13.
b120
What is 8aa7 (base 15) in base 6?
344051
What is -11221212 (base 3) in base 6?
-24422
-775 (base 11) to base 10
-929
1431 (base 11) to base 16
739
Convert 176c (base 14) to base 7.
15165
Convert 3264 (base 10) to base 11.
24a8
Convert 5077 (base 8) to base 3.
10121011
What is 10401 (base 7) in base 4?
220212
934 (base 13) to base 4
120130
-396 (base 12) to base 3
-202020
-123215 (base 6) to base 11
-8380
Convert -40576 (base 9) to base 8.
-64136
Convert 1101100011 (base 2) to base 11.
719
-110010 (base 4) to base 14
-67a
-2609 (base 14) to base 16
-1a11
Convert -10101110111 (base 2) to base 10.
-1399
What is 303 (base 9) in base 14?
138
444510 (base 6) to base 9
56186
Convert -347 (base 8) to base 5.
-1411
-50 (base 16) to base 3
-2222
Convert 73 (base 13) to base 16.
5e
Convert 9739 (base 12) to base 7.
66261
Convert 103220 (base 4) to base 10.
1256
What is -12355 (base 8) in base 7?
-21422
-10223 (base 4) to base 11
-252
Convert 12111 (base 3) to base 16.
94
What is 3231 (base 6) in base 15?
344
What is -1d98 (base 14) in base 8?
-12462
Convert 24123 (base 6) to base 16.
db3
What is 967 (base 12) in base 13?
81a
Convert fa5 (base 16) to base 5.
112010
26612 (base 8) to base 14
436a
What is 30124 (base 6) in base 7?
14326
What is 39 (base 15) in base 11?
4a
Convert -11322 (base 5) to base 2.
-1101000101
Convert 2220 (base 11) to base 6.
21314
Convert 2100011 (base 5) to base 14.
c75b
Convert -151404 (base 8) to base 11.
-3764a
Convert 5c8 (base 15) to base 7.
3554
What is -8d3 (base 14) in base 12?
-1021
What is 18298 (base 11) in base 12?
12a06
What is 1330331 (base 4) in base 14?
2cb3
What is -25 (base 8) in base 12?
-19
Convert 33 (base 8) to base 9.
30
What is -17265 (base 9) in base 11?
-8a25
What is -7007 (base 8) in base 15?
-10e6
Convert -443 (base 5) to base 12.
-a3
What is 742 (base 8) in base 2?
111100010
Convert -1723 (base 10) to base 13.
-a27
Convert -40254 (base 10) to base 14.
-10954
What is -719 (base 10) in base 13?
-434
408 (base 12) to base 4
21020
-3333303 (base 4) to base 15
-4cb6
-1101201200 (base 3) to base 13
-c699
Convert 1120000010 (base 3) to base 11.
21008
10000001101 (base 2) to base 7
3011
What is 28bd (base 14) in base 7?
30026
What is -56203 (base 7) in base 4?
-3131110
1b5b4 (base 13) to base 8
150730
10212333 (base 4) to base 5
1101004
Convert 40205 (base 6) to base 11.
3a53
Convert 1a0 (base 15) to base 9.
456
Convert -3b76 (base 12) to base 2.
-1101011001010
Convert 2d07 (base 15) to base 9.
14247
What is 5241 (base 